7. What is h(9)?
-8
Let x(p) = 9*p**3 + 15*p**2 + 74*p + 188. What is x(-7)?
-2682
Let c(q) = -144*q - 1169. Determine c(-8).
-17
Let n(z) = 1412*z**3 + 642*z**2 - 642*z - 2. What is n(1)?
1410
Let d(y) = -26*y**2 - 414*y + 2571. What is d(6)?
-849
Let t(n) = n**3 + 20*n**2 - 99*n - 30. What is t(0)?
-30
Let m(a) = -a**3 + 61*a**2 - 829*a - 356. Give m(43).
-2721
Let x(z) = z**2 + 541*z - 29553. Determine x(50).
-3
Let h(j) = -430*j + 32258. Determine h(75).
8
Let h(i) = -i**3 + 131*i**2 + 3538*i + 33. Calculate h(154).
-583
Let c(x) = 11986*x + 659197. What is c(-55)?
-33
Let y(c) = -194*c + 12839. Determine y(68).
-353
Let o(u) = u**3 + 37*u**2 + 802*u + 25636. Give o(-35).
16
Let k(o) = 288*o - 2013. Determine k(7).
3
Let a(h) = -h**3 + 48*h**2 + 132*h - 1275. Determine a(50).
325
Let h(c) = 2*c**2 + 12801*c - 2032222. Calculate h(155).
-17
Let p(l) = l**3 - 27*l**2 - 63*l + 1750. What is p(28)?
770
Let c(s) = 2530*s - 12943. Give c(5).
-293
Let t(g) = -2*g**3 + 23*g**2 + 159*g - 401. Calculate t(2).
-7
Let q(g) = 136*g - 11037. Calculate q(109).
3787
Let j(h) = -1278603*h**2 - 12786030*h - 7. What is j(-10)?
-7
Let r(h) = -3*h**3 - 52*h**2 - 118*h - 2778. Determine r(-18).
-6
Let m(a) = a**2 - 33276*a - 3304130. Calculate m(-99).
-5
Let v(g) = -33476*g - 736468. Give v(-22).
4
Let a(o) = -236*o + 35154. What is a(149)?
-10
Let v(c) = -2*c**3 + 199*c**2 - 92*c - 1271. What is v(99)?
-578
Let f(i) = 9*i**3 + 2331*i**2 - 11*i - 2922. Determine f(-259).
-73
Let m(c) = -5*c**2 - 4033*c + 49106. Give m(12).
-10
Let k(i) = -16*i**2 + 290*i + 2872. What is k(-10)?
-1628
Let b(p) = -15*p**3 - 4276*p**2 - 249*p + 10222. Determine b(-285).
-38
Let h(t) = -t**3 - 314*t**2 - 354*t - 12807. What is h(-313)?
26
Let d(n) = n**3 - 327*n**2 + 976*n - 7. Determine d(3).
5
Let h(s) = 164*s**2 - 4275*s + 8126. Give h(24).
-10
Let h(f) = f**3 - 132*f**2 - 565*f + 918. Determine h(136).
-1938
Let r(h) = -11*h**2 + 4083*h - 216260. What is r(64)?
-4
Let v(q) = -q**2 + 2606*q + 1246849. Give v(-413).
2
Let s(a) = 10*a**2 - 136*a + 1381. Give s(13).
1303
Let h(a) = 584*a - 74. Give h(1).
510
Let c(d) = -8776*d - 52673. Give c(-6).
-17
Let s(u) = -u**3 - 73*u**2 - 370*u - 32785. Determine s(-74).
71
Let g(w) = 25939*w - 1971395. What is g(76)?
-31
Let w(n) = -1139*n**2 + 6836*n - 28. Calculate w(6).
-16
Let u(v) = 2*v**3 + 193*v**2 + 1543*v + 4119. What is u(-88)?
-17
Let s(c) = 4*c**3 + 53*c**2 + 258*c + 2351. Calculate s(-10).
1071
Let v(i) = 26*i**2 + 672*i + 53. Calculate v(-27).
863
Let x(o) = -243*o**2 - 378*o + 377. Give x(1).
-244
Let l(w) = 2*w**3 + 583*w**2 - 266*w + 7706. Give l(-292).
114
Let f(h) = -282*h + 10641. Give f(42).
-1203
Let w(f) = 1558*f + 8141. Give w(-5).
351
Let i(r) = -7*r**3 - 29*r**2 - 13056*r - 52205. Give i(-4).
3
Let z(d) = 175*d**2 - 483*d - 963. Give z(-2).
703
Let d(y) = -147739*y - 886435. Determine d(-6).
-1
Let u(c) = 61923*c - 185783. Calculate u(3).
-14
Let s(w) = 35781*w + 214517. Determine s(-6).
-169
Let w(z) = 181*z**2 - 129*z - 82. What is w(3)?
1160
Let c(q) = -q**3 - 53*q**2 + 1460*q + 61. Calculate c(-73).
61
Let x(b) = -13836*b + 55215. Give x(4).
-129
Let s(z) = -z**3 + 17*z**2 - 34*z + 74. What is s(15)?
14
Let i(j) = 14535*j + 1148226. Determine i(-79).
-39
Let d(x) = -2516*x + 25141. Give d(10).
-19
Let i(k) = k**3 - 48*k**2 + 557*k - 104. Determine i(21).
-314
Let x(i) = -3*i**3 - 104*i**2 + 13*i + 138. Give x(-35).
908
Let d(k) = -k**3 + 34*k**2 - 2692*k + 77176. What is d(30)?
16
Let m(n) = 2*n**2 - 13160*n - 237652. What is m(-18)?
-124
Let v(s) = 16266*s - 32222. Give v(2).
310
Let q(y) = -4776*y - 172. Determine q(0).
-172
Let v(j) = -569*j**2 - 6833*j - 8. Determine v(-12).
52
Let t(u) = 38*u**2 + 169*u + 660. What is t(-4)?
592
Let h(i) = -i**2 - 2661*i + 110885. Give h(41).
103
Let p(x) = 2*x**2 + 2805*x - 14080. What is p(5)?
-5
Let p(z) = 7*z**2 + 26341*z - 184727. Calculate p(7).
3
Let d(i) = 3293*i + 151744. Determine d(-46).
266
Let p(c) = -12*c**2 - 3600*c - 25291. What is p(-7)?
-679
Let i(v) = 312*v**3 - 16531*v**2 - 260*v - 280. Give i(53).
-15
Let n(s) = 104187*s + 7709831. Determine n(-74).
-7
Let i(b) = -81*b + 3271. Calculate i(32).
679
Let j(i) = -10*i**2 + 1062*i + 6707. What is j(-6)?
-25
Let y(z) = -5*z**2 + 2881*z + 20151. Determine y(-7).
-261
Let o(z) = -z**2 - 154*z - 5985. Calculate o(-76).
-57
Let v(w) = 2*w**3 - 664*w**2 - 11*w + 3680. Determine v(332).
28
Let s(h) = h**3 + 165*h**2 + 162*h - 202. Give s(-164).
126
Let p(y) = 15*y**3 + 173*y**2 + 33*y + 376. What is p(-12)?
-1028
Let m(f) = 3517*f + 232149. Calculate m(-66).
27
Let i(z) = -z**3 - 180*z**2 - 8075*z + 1397. Determine i(-87).
5
Let g(c) = -4*c**3 + 225*c**2 - 18*c - 204. What is g(56)?
1924
Let i(v) = -4*v**3 + 74*v**2 + 16*v + 259. Determine i(19).
-159
Let u(m) = -121072*m - 1695009. Determine u(-14).
-1
Let c(t) = -7*t**2 + 553*t - 10880. What is c(37)?
-2
Let l(o) = -2*o**3 + 973*o**2 + 6416*o - 4674. Give l(493).
-1223
Let w(k) = k**3 + 70*k**2 - 447*k - 382. Give w(-76).
-1066
Let r(a) = -4338*a - 26079. Determine r(-6).
-51
Let o(k) = 6*k**3 - 14*k**2 - 28*k - 6. Calculate o(-4).
-502
Let w(u) = -2628513*u - 13142566. Calculate w(-5).
-1
Let i(k) = -k**3 + 6*k**2 + 701*k - 4854. Calculate i(7).
4
Let p(q) = q**3 - 46*q**2 + 241*q - 59. Calculate p(8).
-563
Let u(t) = -t**2 - 3548*t - 35369. Determine u(-10).
11
Let k(t) = -91*t**3 - 705*t**2 + 185*t - 7. What is k(-8)?
-15
Let t(j) = j**3 - 16*j**2 - 1613*j - 182. Determine t(49).
14
Let r(i) = i**2 - 19*i - 490. Determine r(34).
20
Let m(f) = -24979*f - 2123221. Determine m(-85).
-6
Let f(y) = 1117*y - 106370. Determine f(95).
-255
Let z(k) = -1342*k + 193922. Determine z(145).
-668
Let h(i) = -2*i**3 - 8*i**2 + 9*i + 83. Give h(-5).
88
Let r(m) = -67790*m + 1627028. Give r(24).
68
Let i(t) = 15*t**2 + 1809*t + 15963. What is i(-111)?
-21
Let g(f) = 5*f**2 - 8*f + 441. Determine g(0).
441
Let b(p) = -12036*p - 1179524. What is b(-98)?
4
Let k(x) = x**3 + 43*x**2 + 235*x - 245. What is k(-6)?
-323
Let p(x) = -2*x**2 - 571*x - 28399. Determine p(-221).
110
Let s(y) = -642*y**2 + 183*y - 158. Determine s(1).
-617
Let i(z) = -z**3 + 26*z**2 - 31*z + 957. Give i(26).
151
Let q(r) = 21*r**2 - 328*r + 1232. Give q(7).
-35
Let g(o) = -67593*o - 135410. What is g(-2)?
-224
Let g(n) = -10765*n - 75210. What is g(-7)?
145
Let j(v) = 7*v**3 - 341*v**2 - 2409*v - 592. Determine j(55).
13
Let v(i) = -96*i - 807. Calculate v(-24).
1497
Let r(g) = 12*g - 757. What is r(-66)?
-1549
Let o(r) = 11*r**2 + 206*r + 15. What is o(-19)?
72
Let f(y) = -12441*y + 99549. What is f(8)?
21
Let o(h) = 63848*h - 33584059. What is o(526)?
-11
Let v(x) = 2*x**2 + 92*x + 352. What is v(-42)?
16
Let n(r) = -r**2 - 40*r - 389. Calculate n(-17).
2
Let c(p) = -22205*p + 420803. Give c(19).
-1092
Let g(o) = 2*o**3 + 38*o**2 - 19*o + 122. What is g(-19)?
483
Let q(a) = -a**3 + 227*a**2 + 35732*a - 652. Determine q(-107).
-10
Let g(y) = -39362*y + 590429. Give g(15).
-1
Let z(h) = -49*h**2 + 8623*h - 301. Calculate z(176).
-477
Let g(p) = 4*p**3 + 45*p**2 - 293*p + 165. Give g(5).
325
Let t(d) = -10*d**3 - 93*d**2 - 20*d - 197. What is t(-9)?
-260
Let c(y) = -333*y + 3359. Calculate c(2).
2693
Let u(j) = -2*j**3 - 27*j**2 + 378*j + 5089. Determine u(-13).
6
Let p(g) = -203*g - 11060. What is p(-54)?
-98
Let u(v) = -47*v - 232. Give u(-2).
-138
Let a(g) = -3*g**3 + 67*g**2 + 55*g. What is a(22)?
1694
Let p(h) = -h**2 + 32*h + 655. Give p(31).
686
Let q(o) = 139533*o - 8790553. What is q(63)?
26
Let g(r) = -2*r**3 - 20*r**2 + 239*r + 2401. What is g(-10)?
11
Let m(a) = 4501*a + 13526. Give m(-3).
23
Let c(t) = 2*t**2 - 72*t - 578251. Give c(-520).
-11
Let i(b) = -6*b**3 - 5*b**2 - 375*b - 371. Calculate i(-1).
5
Let x(y) = -4*y**3 - 120*y**2 + 1056*y + 744. Determine x(-37).
4
Let x(c) = -68*c**3 - 91*c**2 + 268*c - 21. Determine x(3).
-1872
Let h(u) = 56*u**2 - 572*u - 443. Determine h(11).
41
Let w(t) = t**3 + 42*t**2 + 24*t - 277. Give w(-41).
420
Let g(h) = -h**2 + 104*h - 3581. What is g(57)?
-902
Let v(w) = w**3 - 69*w**2 + 1167*w - 237. Calculate v(29).
-34
Let i(l) = -13*l**3 - 7*l**2 - 207*l - 385. Determine i(-2).
105
Let f(k) = k**3 + 71*k**2 + 21*k + 1711. Determine f(-71).
220
Let d